= -2*i**3 - 2*i**2 - 3*i + 9. Let o be s(-4). Let f(q) = 3*q - 5. Let a be f(6). What is the greatest common divisor of a and o?
13
Suppose -v = -2*v + 32. What is the greatest common divisor of v and 288?
32
Let z be (-27)/24*(-104)/(-12)*-20. Calculate the highest common factor of z and 78.
39
Let f be (4 - 0)*(-75)/12. Let a = -10 - f. What is the highest common divisor of a and 6?
3
Suppose 0 = a + 10 - 19. Calculate the highest common divisor of 27 and a.
9
Suppose 3*s - 16 - 5 = 0. Suppose -s*d + 208 = -3*d. Suppose 0*y = 5*b + 5*y - 40, 2*b = 3*y + 41. Calculate the highest common divisor of b and d.
13
Let x be (28 + 0 - -1) + -1. Let y = 14 + 28. What is the greatest common factor of x and y?
14
Suppose -4*y + y + 96 = 0. Calculate the greatest common divisor of 4 and y.
4
Suppose 0 = -11*i + 6*i + 5. Calculate the highest common factor of 4 and i.
1
Let r(k) = -k**2 - 30*k - 40. Let u be r(-18). What is the highest common factor of u and 16?
16
Let i(c) = -c**3 - 10*c**2 + 6*c + 1. Let x be i(-11). Calculate the highest common divisor of 14 and x.
14
Suppose v - 1 = 2*h, -4*h - 4*v + 28 = -0*v. What is the highest common divisor of 14 and h?
2
Let v(c) = -16*c - 4. Let o be v(-4). Suppose 6 = 2*f, -4*k + 2*f + 70 = 4*f. Let b be -4*(k/(-2) - -2). What is the highest common divisor of o and b?
12
Let t(l) = -3*l**3 - 7*l**2 - 19*l - 6. Let p be t(-4). Calculate the highest common divisor of 60 and p.
30
Let b(u) = 12*u - 6. Let g be b(1). Calculate the highest common divisor of 3 and g.
3
Let q = 279 + -167. Calculate the greatest common factor of 16 and q.
16
Let z be (-149 - 3)/(-2) - 0. Let j(t) be the first derivative of t**4/4 - t**2/2 + 19*t + 1. Let h be j(0). Calculate the greatest common factor of z and h.
19
Let r be 8/(-10)*(1 - 6). What is the greatest common divisor of r and 32?
4
Suppose 0 = -4*v - 2*j + 38, -8*v + 35 = -4*v - j. Suppose -r = -3*x - v, -r - 3*x - x + 44 = 0. Calculate the greatest common factor of r and 4.
4
Suppose 0 = 6*g - 522 - 18. What is the greatest common divisor of g and 60?
30
Suppose -n + 3 = -3. Suppose 5*y = -15, 3*k - 2*y = 7 + 191. Suppose -n*h + 2*h = -k. Calculate the highest common factor of 40 and h.
8
Suppose 0 = 2*k - 25 + 3. What is the greatest common divisor of 11 and k?
11
Let f = -1 + 3. Suppose -2*a - 5*c + 10*c + 16 = 0, -a = -c - 5. Suppose -a*y - 17 = -u, -y - 19 + f = -u. Calculate the highest common factor of 51 and u.
17
Suppose h = 3*w + 10, -w - 1 = 1. Suppose 0 = -d + 4*d + 15, 40 = k - h*d. Calculate the greatest common factor of 30 and k.
10
Suppose -2 + 6 = 2*s. Let k be (-3)/1 - -5 - 16. Let b be (-74)/k + s/(-7). Calculate the greatest common factor of b and 1.
1
Let u = -352 - -236. Let n = u - -167. What is the greatest common divisor of n and 34?
17
Suppose 3*y - 5*y + 4*l - 140 = 0, 4*y + 260 = 4*l. Let o = -30 - y. What is the highest common divisor of o and 45?
15
Let d(h) = h**2 - 21. Let b be d(-15). Calculate the highest common factor of b and 17.
17
Let q be 24*7/2*(-10)/(-70). What is the greatest common factor of 84 and q?
12
Suppose 0 = -4*k + 4*y + 564, -2*k + 0*k - 4*y = -276. What is the greatest common divisor of k and 20?
20
Suppose -208 = 2*r + 2*r. Let i be (-18)/4*r/6. Let o be (-4 + 0)*13/(-2). What is the highest common factor of i and o?
13
Let r = 1 - -8. Calculate the highest common factor of 72 and r.
9
Let o(v) = 2*v**3 - 3*v - 1. Let n be o(-3). Let i = 14 - n. What is the greatest common divisor of 6 and i?
6
Let x be 4/(1 + (-2)/4). Calculate the highest common factor of x and 88.
8
Let p(u) = -19*u - 19. Let v be p(-5). What is the greatest common divisor of 190 and v?
38
Suppose 5*m - 873 = -2*o, -7*m - 5*o = -2*m - 870. What is the greatest common factor of 25 and m?
25
Let j(r) = r**3 - 10*r**2 - 9*r - 10. Let h be j(11). Let f = h - 5. Suppose f*v = 2*v + 90. Calculate the greatest common factor of 45 and v.
9
Let c = 6 + 14. Suppose -540 = -2*w - w. What is the greatest common divisor of c and w?
20
Let u = -165 - -338. Suppose 6*q + 3*o = q + 263, 3*q - 2*o - u = 0. Let r = 41 - 19. What is the greatest common divisor of r and q?
11
Let b(l) = l - 5. Let z be b(6). Let m(g) = -2*g. Let r be m(z). Let y(s) = 9*s**2 + 2*s. Let i be y(r). What is the highest common divisor of 8 and i?
8
Let i(z) = 11*z. Suppose -3*h = 3*k, -3*h + 2 = 2*k + 4. Let a be i(k). Suppose -198 = -4*c - a. What is the highest common factor of c and 4?
4
Let q be 3/6 + 3/6. What is the greatest common divisor of 16 and q?
1
Let y be (-1)/(3/(-30)*1). What is the highest common divisor of y and 80?
10
Let s(h) = h**3 - h + 8. Let a(z) = z**3 + z**2 - 2*z + 7. Let g(p) = 4*a(p) - 3*s(p). Let u be g(-5). What is the greatest common factor of 8 and u?
4
Let l be 3879/27 - 2/(-6). What is the highest common divisor of 18 and l?
18
Suppose 0 = 25*i - 23*i - 186. What is the highest common divisor of i and 62?
31
Let u(o) = o + 8. Let l be u(0). Suppose 7*i + 144 = l*i. What is the greatest common divisor of 16 and i?
16
Suppose 0 = 3*a + 2 + 1, -67 = -2*h + a. Let z be (-10878)/(-66) - (-6)/h. What is the highest common factor of z and 66?
33
Let v be (5 - 58/14)/((-2)/(-7)). Calculate the highest common factor of 3 and v.
3
Let b = -1 - -3. Let h = -2 + 34. Let g = h - 10. Calculate the greatest common factor of g and b.
2
Let q(u) = -15*u + 51. Let f be q(3). Suppose 3*d = -5*x + 34, x = d - 1 + 3. Calculate the highest common factor of d and f.
3
Suppose -3*s + 78 = 3*s. What is the greatest common factor of s and 143?
13
Suppose -4*i + 63 = -i. Let w be -2 + 180/2 + 1. Suppose -4*s + w - i = 0. Calculate the greatest common factor of 34 and s.
17
Let i be 3 - -1*(-2 + 1). Suppose -i*s = -0*s - 28. Calculate the highest common factor of s and 112.
14
Let v(g) = g**3 + 7*g**2 - g - 3. Suppose -6*l = -2*l + 28. Let t be v(l). Let d(q) = 28*q - 2. Let r be d(t). What is the greatest common divisor of r and 10?
10
Let h(f) = f**2 + 3*f - 8. Let y be h(-6). Calculate the greatest common divisor of y and 4.
2
Let d(s) = -s**3 + 10*s**2 + 3*s - 6. Let o be d(10). What is the highest common factor of o and 8?
8
Let q = -17 - -19. Suppose q*p = 24 - 0. Calculate the highest common divisor of 84 and p.
12
Suppose y = -4*y + 3*w + 88, w + 1 = 0. Suppose -6*p + 425 = -p. What is the highest common divisor of y and p?
17
Let v(c) = 4*c**2 + 2*c - 3. Let i be v(2). Suppose 191 = 3*r - 166. What is the highest common divisor of r and i?
17
Let m(w) = 12*w - 9. Let o = -3 - -11. Let a be m(o). Suppose 5*y - a = 53. What is the highest common factor of 4 and y?
4
Let t be -1 - 12/(-8)*4. Calculate the greatest common divisor of t and 2.
1
Suppose -48 = -3*c - 0. Suppose 26 = 5*y - f + 3*f, 3*y - c = -f. What is the greatest common factor of y and 48?
6
Suppose -3*i = -2*v - 566, -i + 4*v = 84 - 266. Let p be 2/6 + i/6. Calculate the greatest common factor of p and 8.
8
Let p be 0 + 128 + -4 + 2. Suppose -3*y + p = -0*y. What is the greatest common factor of y and 28?
14
Suppose -5*a + 30 = 3*u, -5*u - 25 = -5*a + 5. Suppose 0 = 4*s - 2*b, -4*b + a - 3 = -5*s. Calculate the highest common factor of s and 11.
1
Let y be (-3)/(4/(40/(-6))). Suppose -1192 = -y*n - 4*t, 2*t + 710 = 2*n + 226. Suppose 9*z - n = 4*z. Calculate the greatest common factor of z and 32.
16
Let a = 42 - 20. Calculate the highest common factor of a and 44.
22
Suppose -3*k + 84 = 4*i, -7*k + 104 = 5*i - 3*k. What is the greatest common factor of i and 3?
3
Suppose -2*j - 4*r = 0, 0*j = -5*j + 4*r + 56. Let a = 36 - 16. Let p be -2 + 0 + a/2. What is the greatest common divisor of p and j?
8
Suppose 5*v + s - 1168 = 0, 240 = -3*v + 4*v - 3*s. Suppose 96 = 4*m + 4*x, -m = -0*m - 5*x - 36. What is the greatest common factor of v and m?
26
Let b = 6 - -11. Let w = -7 + b. Calculate the greatest common divisor of 90 and w.
10
Let v(f) be the first derivative of f**2/2 - 6*f + 2. Let k be v(5). Let n be 99 - 3*k/(-3). What is the greatest common divisor of 14 and n?
14
Let u(l) = -l**2 - 4. Let c be u(0). Let n(p) = p**2 + 5*p + 6. Let v be n(c). Calculate the greatest common divisor of v and 1.
1
Suppose 5*l = 39 + 1. Suppose -l = -2*c + 4. What is the greatest common factor of 2 and c?
2
Suppose s = -3*t